{"id":40,"date":"2022-12-16T11:23:35","date_gmt":"2022-12-16T11:23:35","guid":{"rendered":"https:\/\/urlisan.com\/?page_id=40"},"modified":"2023-03-07T14:19:05","modified_gmt":"2023-03-07T14:19:05","slug":"la-marque","status":"publish","type":"page","link":"https:\/\/urlisan.com\/index.php\/la-marque\/","title":{"rendered":"La Marque"},"content":{"rendered":"\t\t<div data-elementor-type=\"wp-page\" data-elementor-id=\"40\" class=\"elementor elementor-40\">\n\t\t\t\t\t\t\t\t\t<section class=\"elementor-section elementor-top-section elementor-element elementor-element-d84a74e elementor-section-boxed elementor-section-height-default elementor-section-height-default\" data-id=\"d84a74e\" data-element_type=\"section\" data-settings=\"{&quot;background_background&quot;:&quot;classic&quot;}\">\n\t\t\t\t\t\t<div class=\"elementor-container elementor-column-gap-default\">\n\t\t\t\t\t<div class=\"elementor-column elementor-col-100 elementor-top-column elementor-element elementor-element-de024a5\" data-id=\"de024a5\" data-element_type=\"column\">\n\t\t\t<div class=\"elementor-widget-wrap elementor-element-populated\">\n\t\t\t\t\t\t\t\t<div class=\"elementor-element elementor-element-c8a7465 elementor-widget elementor-widget-image\" data-id=\"c8a7465\" data-element_type=\"widget\" data-widget_type=\"image.default\">\n\t\t\t\t<div class=\"elementor-widget-container\">\n\t\t\t<style>\/*! elementor - v3.12.1 - 02-04-2023 *\/\n.elementor-widget-image{text-align:center}.elementor-widget-image a{display:inline-block}.elementor-widget-image a img[src$=\".svg\"]{width:48px}.elementor-widget-image img{vertical-align:middle;display:inline-block}<\/style>\t\t\t\t\t\t\t\t\t\t\t\t<img width=\"800\" height=\"800\" src=\"https:\/\/urlisan.com\/wp-content\/uploads\/2023\/02\/collage-LISSANDRO-1024x1024.png\" class=\"attachment-large size-large wp-image-451\" alt=\"\" loading=\"lazy\" srcset=\"https:\/\/urlisan.com\/wp-content\/uploads\/2023\/02\/collage-LISSANDRO-1024x1024.png 1024w, https:\/\/urlisan.com\/wp-content\/uploads\/2023\/02\/collage-LISSANDRO-300x300.png 300w, https:\/\/urlisan.com\/wp-content\/uploads\/2023\/02\/collage-LISSANDRO-150x150.png 150w, https:\/\/urlisan.com\/wp-content\/uploads\/2023\/02\/collage-LISSANDRO-768x768.png 768w, https:\/\/urlisan.com\/wp-content\/uploads\/2023\/02\/collage-LISSANDRO-1536x1536.png 1536w, https:\/\/urlisan.com\/wp-content\/uploads\/2023\/02\/collage-LISSANDRO-2048x2048.png 2048w, https:\/\/urlisan.com\/wp-content\/uploads\/2023\/02\/collage-LISSANDRO-600x600.png 600w, https:\/\/urlisan.com\/wp-content\/uploads\/2023\/02\/collage-LISSANDRO-100x100.png 100w\" sizes=\"(max-width: 800px) 100vw, 800px\" \/>\t\t\t\t\t\t\t\t\t\t\t\t\t\t\t<\/div>\n\t\t\t\t<\/div>\n\t\t\t\t\t<\/div>\n\t\t<\/div>\n\t\t\t\t\t\t\t<\/div>\n\t\t<\/section>\n\t\t\t\t<section class=\"elementor-section elementor-top-section elementor-element elementor-element-4641843 elementor-section-boxed elementor-section-height-default elementor-section-height-default\" data-id=\"4641843\" data-element_type=\"section\" data-settings=\"{&quot;background_background&quot;:&quot;classic&quot;}\">\n\t\t\t\t\t\t<div class=\"elementor-container elementor-column-gap-default\">\n\t\t\t\t\t<div class=\"elementor-column elementor-col-100 elementor-top-column elementor-element elementor-element-b090be9\" data-id=\"b090be9\" data-element_type=\"column\">\n\t\t\t<div class=\"elementor-widget-wrap elementor-element-populated\">\n\t\t\t\t\t\t\t\t<div class=\"elementor-element elementor-element-1b366f0 elementor-widget elementor-widget-text-editor\" data-id=\"1b366f0\" data-element_type=\"widget\" data-widget_type=\"text-editor.default\">\n\t\t\t\t<div class=\"elementor-widget-container\">\n\t\t\t<style>\/*! elementor - v3.12.1 - 02-04-2023 *\/\n.elementor-widget-text-editor.elementor-drop-cap-view-stacked .elementor-drop-cap{background-color:#69727d;color:#fff}.elementor-widget-text-editor.elementor-drop-cap-view-framed .elementor-drop-cap{color:#69727d;border:3px solid;background-color:transparent}.elementor-widget-text-editor:not(.elementor-drop-cap-view-default) .elementor-drop-cap{margin-top:8px}.elementor-widget-text-editor:not(.elementor-drop-cap-view-default) .elementor-drop-cap-letter{width:1em;height:1em}.elementor-widget-text-editor .elementor-drop-cap{float:left;text-align:center;line-height:1;font-size:50px}.elementor-widget-text-editor .elementor-drop-cap-letter{display:inline-block}<\/style>\t\t\t\t<p><strong>Notre histoire :<\/strong><\/p><p>A la base, il y a un homme, un cr\u00e9ateur, un visionnaire et une vocation.\u00a0Alex Lisandro commence sa carri\u00e8re dans la mode d\u00e8s 2003 au centre de formation\u00a0Fa\u00e7onnable de Nice.\u00a0Talent, volont\u00e9 et d\u00e9termination lui cr\u00e9ent rapidement des collaborations aupr\u00e8s de\u00a0prestigieuses maisons fran\u00e7aises et italiennes telles Jean Paul Gaultier ou encore\u00a0Roberto Cavalli.\u00a0Passionn\u00e9 par la mode et ce moyen d&#8217;expression, exp\u00e9rience et talent se renforcent de\u00a0nouveau par des postes de hautes responsabilit\u00e9s aupr\u00e8s de l&#8217;espace Cr\u00e9ateur des\u00a0Galeries Lafayette Haussmann \u00e0 Paris durant 10 ans. (Responsable du\u00a0d\u00e9veloppement DSQUARED2 France groupe Staff International OTB.)<\/p><p>Curieux et insatiable, le cr\u00e9ateur nourrit son innovation et son exp\u00e9rience de\u00a0nombreux voyages \u00e0 travers le globe.\u00a0Du styliste \u00e0 l&#8217;envie.\u00a0Un concept alliant de mani\u00e8re ludique, \u00e9l\u00e9gante et sophistiqu\u00e9e une base occidentale\u00a0avec des influences inspir\u00e9es de diverses cultures. Une philosophie \u00e9clectique de la\u00a0signature est n\u00e9e !<\/p><p>L&#8217;id\u00e9e, l&#8217;envie : URLISAN sera un univers distinctif de luxe alternatif, une pens\u00e9e\u00a0audacieuse alliant coupes occidentales et iconographies universelles.\u00a0Un style Casual, Masculin et F\u00e9minin pour un Lifestyle fun et f\u00e9d\u00e9rateur.<\/p><p>La marque est le reflet de son \u00e9poque avec ses pi\u00e8ces sign\u00e9es de son logo compos\u00e9\u00a0des 5 \u00e9l\u00e9ments symbolisant l&#8217;unit\u00e9 des continents.<\/p>\t\t\t\t\t\t<\/div>\n\t\t\t\t<\/div>\n\t\t\t\t\t<\/div>\n\t\t<\/div>\n\t\t\t\t\t\t\t<\/div>\n\t\t<\/section>\n\t\t\t\t\t\t\t<\/div>\n\t\t","protected":false},"excerpt":{"rendered":"<p>Notre histoire : A la base, il y a un homme, un cr\u00e9ateur, un visionnaire et une vocation.\u00a0Alex Lisandro commence sa carri\u00e8re dans la mode d\u00e8s 2003 au centre de formation\u00a0Fa\u00e7onnable de Nice.\u00a0Talent, volont\u00e9 et d\u00e9termination lui cr\u00e9ent rapidement des collaborations aupr\u00e8s de\u00a0prestigieuses maisons fran\u00e7aises et italiennes telles Jean Paul Gaultier ou encore\u00a0Roberto Cavalli.\u00a0Passionn\u00e9 par [&hellip;]<\/p>\n","protected":false},"author":1,"featured_media":0,"parent":0,"menu_order":0,"comment_status":"closed","ping_status":"closed","template":"","meta":[],"_links":{"self":[{"href":"https:\/\/urlisan.com\/index.php\/wp-json\/wp\/v2\/pages\/40"}],"collection":[{"href":"https:\/\/urlisan.com\/index.php\/wp-json\/wp\/v2\/pages"}],"about":[{"href":"https:\/\/urlisan.com\/index.php\/wp-json\/wp\/v2\/types\/page"}],"author":[{"embeddable":true,"href":"https:\/\/urlisan.com\/index.php\/wp-json\/wp\/v2\/users\/1"}],"replies":[{"embeddable":true,"href":"https:\/\/urlisan.com\/index.php\/wp-json\/wp\/v2\/comments?post=40"}],"version-history":[{"count":49,"href":"https:\/\/urlisan.com\/index.php\/wp-json\/wp\/v2\/pages\/40\/revisions"}],"predecessor-version":[{"id":478,"href":"https:\/\/urlisan.com\/index.php\/wp-json\/wp\/v2\/pages\/40\/revisions\/478"}],"wp:attachment":[{"href":"https:\/\/urlisan.com\/index.php\/wp-json\/wp\/v2\/media?parent=40"}],"curies":[{"name":"wp","href":"https:\/\/api.w.org\/{rel}","templated":true}]}}